s 0 (base 5) in base 8?
0
-54 (base 8) to base 12
-38
Convert 73 (base 12) to base 3.
10020
Convert 5 (base 11) to base 12.
5
What is 10 (base 4) in base 5?
4
-d (base 14) to base 4
-31
What is -23 (base 6) in base 2?
-1111
What is 3 (base 12) in base 16?
3
What is -2 (base 8) in base 15?
-2
What is -5 (base 7) in base 11?
-5
Convert -10001110 (base 2) to base 12.
-ba
What is -9 (base 16) in base 8?
-11
What is 100 (base 2) in base 8?
4
-27 (base 10) to base 8
-33
What is 0 (base 15) in base 16?
0
42 (base 15) to base 4
332
What is -25 (base 10) in base 6?
-41
What is -131 (base 9) in base 14?
-7b
-5 (base 6) to base 9
-5
-14 (base 10) to base 12
-12
What is 5 (base 12) in base 10?
5
Convert -13 (base 6) to base 14.
-9
What is 1 (base 5) in base 3?
1
What is -101 (base 2) in base 14?
-5
What is 116 (base 9) in base 14?
6c
Convert 2 (base 6) to base 11.
2
What is 8 (base 9) in base 7?
11
1220 (base 3) to base 9
56
What is -4 (base 10) in base 9?
-4
Convert -60 (base 7) to base 9.
-46
Convert 7 (base 13) to base 11.
7
7 (base 8) to base 16
7
-1 (base 11) to base 8
-1
Convert -100 (base 4) to base 5.
-31
What is -121 (base 5) in base 3?
-1100
-22 (base 3) to base 6
-12
-1 (base 3) to base 10
-1
Convert -444 (base 5) to base 13.
-97
50 (base 6) to base 13
24
What is -2 (base 8) in base 5?
-2
0 (base 12) to base 11
0
What is 33 (base 5) in base 7?
24
264 (base 9) to base 15
ea
Convert 26 (base 9) to base 12.
20
What is 3 (base 8) in base 9?
3
Convert -189 (base 13) to base 10.
-282
Convert -10 (base 15) to base 16.
-f
What is -80 (base 12) in base 11?
-88
Convert -100 (base 5) to base 12.
-21
Convert -11 (base 14) to base 5.
-30
14 (base 13) to base 14
13
What is 141 (base 9) in base 8?
166
What is -2 (base 13) in base 10?
-2
What is -16 (base 8) in base 3?
-112
Convert -100 (base 4) to base 11.
-15
Convert 1 (base 15) to base 7.
1
What is 151 (base 6) in base 16?
43
-5 (base 11) to base 5
-10
3 (base 13) to base 2
11
-10 (base 9) to base 13
-9
-5 (base 11) to base 12
-5
11001 (base 3) to base 6
301
What is 40 (base 5) in base 11?
19
What is -60 (base 7) in base 14?
-30
-12 (base 4) to base 13
-6
What is -1 (base 3) in base 6?
-1
What is 9 (base 16) in base 13?
9
What is -40 (base 6) in base 15?
-19
What is 24 (base 10) in base 9?
26
2 (base 16) to base 9
2
What is 10 (base 9) in base 7?
12
20 (base 6) to base 13
c
What is -2 (base 10) in base 11?
-2
Convert 6 (base 14) to base 11.
6
What is 8d (base 14) in base 16?
7d
Convert -6 (base 15) to base 11.
-6
Convert -21 (base 8) to base 16.
-11
Convert 2 (base 7) to base 16.
2
Convert 2 (base 3) to base 9.
2
What is 222 (base 4) in base 16?
2a
What is 21 (base 6) in base 3?
111
Convert 5 (base 9) to base 14.
5
5 (base 10) to base 6
5
What is 0 (base 13) in base 16?
0
-4 (base 13) to base 15
-4
What is 12a (base 11) in base 13?
ba
3 (base 16) to base 11
3
Convert 3 (base 7) to base 2.
11
Convert -113 (base 4) to base 5.
-43
2 (base 16) to base 6
2
13 (base 14) to base 12
15
Convert -3 (base 6) to base 7.
-3
What is 50 (base 11) in base 15?
3a
Convert -122 (base 6) to base 13.
-3b
What is -16 (base 12) in base 16?
-12
21 (base 3) to base 16
7
-2 (base 12) to base 2
-10
Convert -3 (base 5) to base 4.
-3
Convert -110 (base 2) to base 16.
-6
Convert 38 (base 14) to base 8.
62
Convert 2 (base 7) to base 14.
2
What is 212 (base 3) in base 10?
23
Convert 1000 (base 2) to base 5.
13
What is 21 (base 16) in base 2?
100001
What is 12d (base 14) in base 5?
1422
What is -1 (base 2) in base 11?
-1
Convert 3 (base 12) to base 13.
3
a (base 11) to base 8
12
Convert -2 (base 8) to base 6.
-2
20 (base 9) to base 2
10010
What is -11110 (base 2) in base 6?
-50
Convert 10 (base 16) to base 10.
16
2 (base 11) to base 10
2
What is -54 (base 8) in base 15?
-2e
Convert -12210 (base 3) to base 14.
-b2
What is -5 (base 12) in base 6?
-5
Convert 33 (base 8) to base 15.
1c
Convert 1040 (base 5) to base 9.
171
0 (base 14) to base 13
0
What is -33 (base 6) in base 9?
-23
What is -91 (base 12) in base 14?
-7b
What is -1141 (base 5) in base 3?
-20100
What is 35 (base 7) in base 6?
42
Convert -1 (base 7) to base 11.
-1
-85 (base 15) to base 7
-236
What is -1c (base 13) in base 8?
-31
Convert 62 (base 12) to base 8.
112
Convert 102 (base 3) to base 8.
13
What is -8 (base 16) in base 12?
-8
0 (base 14) to base 16
0
What is -63 (base 14) in base 9?
-106
-21 (base 10) to base 3
-210
-2 (base 13) to base 3
-2
Convert -11 (base 6) to base 3.
-21
c7 (base 13) to base 15
ad
What is 16 (base 7) in base 14?
d
11 (base 2) to base 13
3
-a (base 15) to base 12
-a
-4 (base 11) to base 15
-4
Convert 10 (base 11) to base 2.
1011
-6a (base 11) to base 13
-5b
22 (base 12) to base 3
222
What is 3 (base 13) in base 14?
3
-26 (base 10) to base 15
-1b
-3 (base 12) to base 5
-3
Convert -7b (base 16) to base 13.
-96
Convert 0 (base 7) to base 4.
0
Convert 20 (base 5) to base 12.
a
What is -5 (base 6) in base 14?
-5
1b0 (base 15) to base 14
1dc
-23 (base 6) to base 7
-21
-1 (base 11) to base 2
-1
5 (base 10) to base 5
10
What is -96 (base 13) in base 10?
-123
7a (base 14) to base 2
1101100
Convert -1001 (base 2) to base 10.
-9
Convert -2 (base 3) to base 15.
-2
Convert -5 (base 14) to base 15.
-5
Convert -18 (base 11) to base 13.
-16
Convert 8 (base 10) to base 7.
11
323 (base 10) to base 5
2243
Convert -2 (base 4) to base 2.
-10
What is 10 (base 14) in base 11?
13
123 (base 6) to base 4
303
-371 (base 8) to base 5
-1444
0 (base 3) to base 5
0
-13 (base 14) to base 12
-15
What is 11 (base 15) in base 5?
31
Convert -22 (base 6) to base 7.
-20
What is 4 (base 5) in base 3?
11
3 (base 13) to base 3
10
What is 4 (base 13) in base 6?
4
1332 (base 5) to base 6
1001
-124 (base 6) to base 8
-64
1014 (base 7) to base 11
2a2
-1011 (base 2) to base 3
-102
What is -2011 (base 3) in base 11?
-53
Convert 26 (base 8) to base 16.
16
-19 (base 12) to base 15
-16
Convert -3 (base 11) to base 14.
-3
1 (base 14) to base 5
1
What is -100022 (base 3) in base 4?
-3323
-200 (base 3) to base 7
-24
Convert -2 (base 13) to base 7.
-2
What is -2 (base 10) in base 12?
-2
What is -2e (base 16) in base 6?
-114
-4 (base 14) to base 13
-4
What is 5 (base 14) in base 2?
101
What is -11 (base 2) in base 6?
-3
-33 (base 15) to base 9
-53
What is -1121 (base 3) in base 9?
-47
2 (base 9) to base 5
2
-42 (base 8) to base 10
-34
What is 87 (base 10) in base 8?
127
-225 (base 12) to base 4
-10331
1 (base 6) to base 2
1
-113 (base 10) to base 15
-78
Convert 11 (base 8) to base 15.
9
Convert -4 (base 7) to base 11.
-4
-8 (base 9) to base 15
-8
Convert -11 (base 3) to base 6.
-4
2 (base 12) to base 4
2
What is 130 (base 4) in base 14?
20
Convert 10 (base 4) to base 15.
4
-98 (base 16) to base 9
-178
-114 (base 10) to base 3
-11020
-5 (base 11) to base 5
-10
What is -274 (base 8) in base 14?
-d6
4 (base 7) to base 6
4
Convert -1 (base 13) to base 2.
-1
What is -18 (base 14) in base 7?
-31
-61 (base 12) to base 4
-1021
What is -10 (base 2) in base 8?
-2
What is -52 (base 14) in base 10?
-72
Convert -2 (base 5) to base 16.
-2
-120 (base 4) to base 16
-18
-220 (base 4) to base 15
-2a
What is 2 (base 8) in base 10?
2
Convert 170 (base 15) to base 6.
1310
What is -2 (base 13) in base 6?
-2
-51 (base 6) to base 13
-25
What is -3 (base 11) in base 12?
-3
What is 0 (base 11) in base 10?
0
What is -68 (base 12) in base 11?
-73
What is -1000010 (base 2) in base 13?
-51
What is 3 (base 10) in base 12?
3
-6 (base 14) to base 2
-110
What is 3 (base 10) in base 14?
3
Convert 100 (base 4) to base 2.
10000
What is -4 (base 11) in base 5?
-4
Convert 3 (base 6) to base 11.
3
What is -44 (base 8) in base 15?
-26
Convert 11 (base 10) to base 6.
15
Convert -5a (base 13) to base 9.
-83
What is 103 (base 4) in base 9?
21
101010 (base 2) to base 13
33
Convert -26 (base 7) to base 11.
-19
Convert 2 (base 5) to base 2.
10
What is -1 (base 3) in base 6?
-1
29 (base 11) to base 12
27
-1 (base 12) to base 5
-1
Convert 4 (base 10) to base 4.
10
What is 4 (base 16) in base 15?
4
What is 34 (base 14) in base 12?
3a
Convert -10 (base 12) to base 10.
-12
-18 (base 10) to base 11
-17
What is 100 (base 2) in base 6?
4
Convert 3233 (base 4) to base 5.
1424
Convert -2 (base 11) to base 7.
-2
Convert -4 (base 13) to base 11.
-4
220 (base